 -m - m - 14, m = 3*f - 12. Give k(f).
-5
Let f(r) = -r**3 - 3*r**2 + 5*r + 1. Let y = 3 + -1. Suppose -2*p = 5*v + 28, -2*p - 10 - y = v. Calculate f(v).
-3
Suppose -3 = 5*y - 33. Let k(w) = -w**2 + 7*w - 2. Give k(y).
4
Let n(g) be the second derivative of 7*g**4/12 - g**3/6 - g**2/2 + 26*g. Calculate n(-1).
7
Let v be 2/(-4) + (-36)/(-8). Let m(w) = w**2 - 5*w - 8. Let s be m(7). Let y(l) = l - v - 1 - s. Give y(5).
-6
Let p(r) = -4*r + 15. Let o(d) = -5*d + 14. Suppose -8 = 2*w - 2. Let i(q) = w*o(q) + 4*p(q). Determine i(0).
18
Let b(g) be the third derivative of g**4/24 - 4*g**3/3 + g**2. Let a be b(10). Let o(i) = 4*i**a + 5*i**2 + 0*i**2 - 8*i**2 - 9*i**3. Determine o(1).
-8
Let b be (-8)/(-14) - (-72)/(-126). Let s(w) = w**2 + 6. What is s(b)?
6
Let t = 0 - 2. Let c be 10/14 + 2/7. Let d(l) = -4*l + l**2 + l - 4*l**2 - c - 2. What is d(t)?
-9
Let z = 10 - 5. Suppose -5*v + z = -10*v. Let n(u) = -2*u**2 + 0*u**2 + 0*u**2 + 1. What is n(v)?
-1
Let r(k) = -4*k**2 + 4*k**2 - 2*k**3 + 3 + k + 3*k**2. Let f(v) = 5*v**3 - 8*v**2 - 2*v - 9. Let o(l) = 3*f(l) + 8*r(l). Give o(2).
-7
Let c(n) = -13*n**2 - 5*n + 7. Let s(t) = 6*t**2 + 3*t - 4. Let u(a) = -4*c(a) - 7*s(a). Give u(1).
9
Let m = 24 - 28. Let n(t) = -t**2 - 3*t. Give n(m).
-4
Let a(i) = 2*i - 2. Suppose 3*g + 2*s = 5, -2*s - 1 = -3*g + 4*g. What is a(g)?
4
Let l(y) = 3*y - 4. Suppose g = -0*g + 4. What is l(g)?
8
Suppose -2*l = l + 15. Let s(v) = -3*v**3 - 2 - 2*v**3 - 2*v + 5 + 4*v**3 - 5*v**2. What is s(l)?
13
Let j be (18/(-12))/(3/8). Let v(p) = p**2 + 5*p + 2. Calculate v(j).
-2
Let f(r) = -1 - 6*r - 6*r**2 - 3*r - r**3 + 8*r. Calculate f(-6).
5
Suppose 0 = -8*y - 4*y - 72. Let z(x) = x - 3. Give z(y).
-9
Let z(q) be the second derivative of q**6/120 + q**5/10 + q**4/4 - q**3/2 + 5*q**2/2 + 5*q. Let n(f) be the first derivative of z(f). Determine n(-5).
-8
Let t(m) = -m**3 - m**2 + 3*m. Let n(u) = 2*u**3 + 3*u**2 - 5*u - 1. Let v(z) = 3*n(z) + 5*t(z). Determine v(-4).
-3
Let p(g) = -g**3 - 2*g**2 + g. Let y be p(-2). Let z(j) = -2*j**3 - 2*j**2 + 3*j + 3. Let b be z(y). Let i(o) = o - 8. Calculate i(b).
-3
Suppose 0*a + 4 = -4*s + 4*a, -s + 1 = -3*a. Let f(j) = 3*j**2 - 3*j - 3. Give f(s).
15
Suppose -3*v - 1 = 5, -y + 4*v + 4 = 0. Let j(k) = 2*k**2 + 2 + 0*k**2 + 6*k - k**2. Determine j(y).
-6
Let n(f) = f + 5. Let v be n(-10). Let k(h) = 3*h + 7. Calculate k(v).
-8
Let m be 7*((-3)/3 - -2). Let l(i) = i**2 - 5*i - 8. Determine l(m).
6
Let b(o) be the second derivative of -1/12*o**4 + 0*o**3 + o + 0 + 5/2*o**2. Determine b(0).
5
Let h(y) = 6*y**3 - y. Let u = -2 - 1. Let a = u + 3. Suppose -4*j + 3*i + 1 = a, j - 5*i + 3 = -j. What is h(j)?
5
Let o(g) = -17*g - 1. Let f(v) = -9*v. Let x(d) = 11*f(d) - 6*o(d). What is x(-4)?
-6
Let n be (-33)/(-12) + 1/4. Let i(v) = 3 - n + 2*v. Suppose 1 = -4*d - 5*c - 21, -4*d = c + 14. Determine i(d).
-6
Let x(l) = -13*l**2 - 29*l - 2. Let i(a) = 7*a**2 + 15*a + 1. Let q(h) = 11*i(h) + 6*x(h). Determine q(-8).
7
Let n(v) = -v**3 - 4*v**2 + 1. Let x be 2/3 - 7/(-3). Let o be 1*(1 - 2)*x. Give n(o).
-8
Suppose 101 = 5*s - 2*u, -4*s + 2*u = 5*u - 90. Suppose -3 - s = -4*p. Let f = -9 + p. Let z(q) = -q**3 - q**2 + 4*q + 1. What is z(f)?
7
Let l(u) = 6*u**2 + 2*u. Let q = -3 - -8. Let i(w) = 11*w**2 + 3*w. Let x(n) = q*l(n) - 3*i(n). Let v(d) = -d - 4. Let o be v(-6). What is x(o)?
-10
Let u = 1 + 5. Suppose 0*v - 2*v + 4*o = -u, 0 = 5*v - 5*o. Let q(f) = -f**3 - 4*f**2 - 5*f - 2. Calculate q(v).
4
Let y be -9 - 2/((4/(-3))/2). Let f(a) = -a - 4 + 0 + 6. What is f(y)?
8
Let l(a) = a**3 + 6*a**2 + 5*a - 3. Let t be 4/22 + 1*171/(-33). Give l(t).
-3
Let p(s) = -s**3 - 10*s**2 + 7*s - 4. Let t(b) = b**3 + 10*b**2 - 6*b + 3. Let d(j) = 5*p(j) + 6*t(j). Calculate d(-10).
8
Let g(y) = 5*y - 1. Let k = 10 - 14. Let c(u) = -16*u + 3. Let r(v) = k*c(v) - 11*g(v). What is r(-1)?
-10
Let k = -119 + 121. Let a(m) be the second derivative of -1/2*m**3 + 0*m**k + 4*m + 0. Determine a(-2).
6
Let n(k) be the third derivative of -13*k**4/24 + k**3/6 + k**2. Suppose 2 = 5*i + 3*d, i + 0*d - 5 = 4*d. Calculate n(i).
-12
Let u(z) = 2*z + 1. Let f(j) = -2*j - 1. Let y(g) = -4*f(g) - 3*u(g). Let t be y(-1). Let c(r) = 7*r. Give c(t).
-7
Let y(w) = 2*w + 6. Let g(h) = -3*h + 1 - 2*h + 4*h + 0*h. Let u(n) = g(n) + y(n). Let r(d) = d**2 + 7*d + 6. Let x be r(-6). What is u(x)?
7
Let f = 9 - 12. Let s(n) = 5*n**2 - 21*n - 6. Let k(t) = -2*t**2 + 10*t + 3. Let d(i) = 7*k(i) + 3*s(i). Give d(f).
-9
Let a(m) be the first derivative of -13*m**4/4 + m**2/2 - m - 14. Determine a(1).
-13
Let m(t) = -4*t. Let q(i) = -7 + 7*i**2 - 2 - 4*i + i**3 - 5*i. Let v be (3/(-1) - -2) + -7. Let a be q(v). Give m(a).
4
Let s(l) = -l + 4. Let t = 12 - -3. Suppose -5 - t = -4*o. Give s(o).
-1
Let l be (-2)/3*(-6 - 3). Suppose -l = -v - 0. Let i(o) be the third derivative of o**4/24 - 5*o**3/6 + 7*o**2. What is i(v)?
1
Let p(y) = -y**2 - 11*y - 7. Let k be p(-10). Let h(b) = 3*b - 4. What is h(k)?
5
Let a(x) = 10*x**3 + x. Let s be -3*(8/(-6))/1. Suppose 3*g - 5*g = -2*v + 10, 0 = -3*v + s*g + 19. Calculate a(v).
11
Let n(k) be the third derivative of -5*k**4/24 + 2*k**3/3 + 25*k**2. Calculate n(4).
-16
Let g be ((-24)/(-21))/((-4)/(-14)). Let o(t) = -g*t + 6*t**2 - 2*t**2 - 2*t**3 + 3*t + t**3. Calculate o(3).
6
Let k be (18/4)/((-6)/8). Let s(g) = -3*g - 6. Let c(b) = -16*b - 30. Let p(z) = 2*c(z) - 11*s(z). What is p(k)?
0
Let d be (-3)/(-3)*(2 - 3). Let l(z) be the second derivative of -z**4 + z**3/6 + z**2/2 + z. What is l(d)?
-12
Let f(g) = -g**2 + 5*g + 2. Let a be (-2)/(-4) + (-54)/(-12). Determine f(a).
2
Let o(a) = 1 - 2 - 2 + a. Let m be 5/((-10)/4) + 2. Suppose -3*y - 2*g - 7 = m, -3*y + 4*g + 1 - 14 = 0. Determine o(y).
-6
Let i(n) = n**3 - n**2 - 2*n + 2. Let v be (2 - -8) + 1 + 1. Let q be 4/14 + v/7. Give i(q).
2
Let t(q) = -9*q - 4. Let s(i) = -10*i - 5. Let w(x) = -3*s(x) + 4*t(x). What is w(-2)?
11
Let f = -3 - -6. Let z(y) = f + 4 + y + 0 - 3. Let o = 6 - 3. Determine z(o).
7
Suppose -4*r = -3*k + 8, 2*k = -3*r + r - 18. Let f(z) = z - z**3 + 1 - 2 - 5*z**2 + 0*z. Calculate f(r).
-6
Let x(r) be the first derivative of r**3/3 + r**2 - r + 9. Calculate x(-2).
-1
Let k(n) = n + 10 - 1 - 5. What is k(-5)?
-1
Let c(b) = b**3 - b**2 - 2*b - 2. Let k be 6/(-5)*(-15)/6. Calculate c(k).
10
Let l = -4 + 5. Let x = 6 - l. Let t(z) = z**2 - 6*z + 4. What is t(x)?
-1
Let r(m) = m - 3. Let k(t) = -t - 1. Suppose 23 = -3*l + 2*o, 0 = -o + 6 - 2. Let v be k(l). Determine r(v).
1
Let a(o) = o**3 - 3*o**2 - 2*o. Let p(x) = -2*x - 1. Let s be (10/15)/(2/(-6)). Let q be p(s). What is a(q)?
-6
Let q(j) = 3*j**2 - 3*j - 1. Let p be 3 - -1*(-25)/5. Give q(p).
17
Suppose -13*l + 4 = -11*l. Let p(r) = -r**3 + 4*r**2 - 2*r - 2. What is p(l)?
2
Let k(n) = n + 1. Let w(y) = 3*y + 8. Let b(f) = 4*k(f) - w(f). Determine b(0).
-4
Let j(o) = -o**3 - 7*o**2 - 8*o - 9. Let y be ((-21)/(-14))/((-9)/24) - 2. What is j(y)?
3
Let q(h) = 5*h**2 - 11*h + 1. Let o(r) = -11*r**2 + 23*r - 3. Let b = -5 - 1. Let i(y) = b*o(y) - 13*q(y). Calculate i(-5).
5
Let f(u) = -u**3 + 8*u**2 - 10*u - 11. Let o be f(6). Let q(y) be the first derivative of -3/2*y**2 - o - 2/3*y**3 + 1/4*y**4 + y. Give q(3).
1
Let a(d) = -d**3 + 4*d**2 - 2*d. Let u be a(3). Let x(s) = -u*s**3 + 2*s**3 + 2*s**3 + 6 - s**2. Give x(0).
6
Let m be (-3)/4 - 76/(-16). Let v(y) = y**2 - 4*y + 1. Calculate v(m).
1
Let i(m) = -m**3 - 6*m**2 + 5*m - 14. Let q be i(-7). Let w(s) be the second derivative of s + 1/6*s**3 + 3/2*s**2 - 1/12*s**4 + q. Determine w(3).
-3
Let w(c) = -9 - 1 - 1 - c. Suppose 40 = -5*o - 5*r, -o = o - 3*r - 9. Let q be o + (0 - 4/2). What is w(q)?
-6
Let d(m) = -m**3 + 4*m**2 + m. Let u be d(4). Let n(t) = 6*t**2 + t - t**2 - t**3 - 2 - 4*t. Calculate n(u).
2
Let s(z) = z**3 + z**2 - 1. Let m(q) = -10*q**3 - 3*q**2 - q + 5. Suppose -4*w + 21 + 5 = -5*o, -2*w = 4*o. Let y(b) = w*s(b) + m(b). Calculate y(1).
-5
Let g = 0 + 7. Let f(s) = s**3 - 8*s**2 + 5*s - 13. Let k(q) = -2*q**3 + 16*q**2 - 11*q + 25. Let w(h) = 5*f(h) + 3*k(h). Determine w(g).
3
Suppose -4*s = -5*h + 27, 6*s = 4*s - 2*h. Let n be (-2 - (-3)/3)*s. Let j(i) = n*i - 2*i + 1 - 2 + 6*i. Give j(1).
6
Let y be (8 - (-2)/1)/2. Let j(k) be the first derivative of k**2 - 